706637 and 1622.
811
Calculate the highest common divisor of 7055 and 4568818.
1411
Calculate the highest common factor of 161103351 and 1569.
1569
What is the greatest common divisor of 2363 and 77061?
17
Calculate the highest common divisor of 21825 and 2796025.
2425
Calculate the greatest common divisor of 4056 and 6944379.
507
Calculate the highest common divisor of 28720564 and 144423.
1783
Calculate the highest common factor of 10408746 and 3.
3
Calculate the greatest common divisor of 176008 and 3408808.
3592
What is the greatest common divisor of 185352 and 150?
6
What is the highest common factor of 499651 and 98393?
61
Calculate the greatest common factor of 74 and 14666.
2
Calculate the greatest common factor of 542 and 15153778.
542
Calculate the greatest common factor of 2349144 and 168.
168
What is the highest common factor of 62 and 283823569?
31
What is the highest common factor of 8216678 and 136?
34
Calculate the greatest common factor of 4975194 and 1218.
42
Calculate the greatest common divisor of 43 and 13275562.
43
What is the greatest common factor of 4860 and 1009665?
1215
What is the greatest common divisor of 5200 and 257550800?
5200
What is the highest common divisor of 8939 and 42400231?
1277
Calculate the greatest common factor of 32807 and 586193.
619
Calculate the highest common factor of 40492 and 22366.
106
Calculate the greatest common factor of 1044264 and 2184.
312
What is the highest common divisor of 159049240 and 4?
4
What is the highest common divisor of 25431 and 3248406?
147
What is the greatest common factor of 144189 and 103637?
37
What is the greatest common factor of 187212300 and 75?
75
What is the highest common divisor of 1617 and 12677973?
231
Calculate the greatest common divisor of 8705080 and 6792.
2264
What is the greatest common factor of 2254 and 15627442?
46
What is the highest common factor of 1274689 and 3?
1
Calculate the greatest common factor of 216 and 95623992.
72
What is the highest common factor of 35747698 and 518?
518
What is the highest common divisor of 253391 and 31763?
23
Calculate the highest common divisor of 7892 and 15411103.
1973
Calculate the greatest common factor of 20 and 525542740.
20
What is the greatest common divisor of 11601 and 9270?
9
Calculate the highest common factor of 299600 and 1904.
112
Calculate the highest common factor of 131602427 and 33.
11
Calculate the greatest common divisor of 636758 and 6878.
362
Calculate the greatest common factor of 4278 and 94822.
2
What is the highest common factor of 5303823 and 13983?
237
Calculate the greatest common factor of 99 and 180289307.
11
Calculate the greatest common divisor of 2824 and 371395536.
2824
What is the greatest common divisor of 98596016 and 304?
304
Calculate the highest common factor of 224 and 3527342.
14
Calculate the greatest common factor of 8613 and 26731098.
261
Calculate the greatest common divisor of 628742370 and 30.
30
What is the highest common factor of 21774 and 764?
382
What is the highest common factor of 10925538 and 104?
26
What is the greatest common divisor of 13272850 and 310?
10
Calculate the greatest common factor of 3211392 and 3552.
96
Calculate the greatest common factor of 174 and 18776456.
58
Calculate the greatest common divisor of 446524 and 11077784.
1108
Calculate the highest common divisor of 58080 and 1442556192.
11616
Calculate the highest common factor of 3225755221 and 23.
23
What is the highest common divisor of 6085 and 29285?
5
Calculate the greatest common factor of 527220 and 90799.
2929
Calculate the greatest common divisor of 2473 and 355501169.
2473
What is the highest common divisor of 6762520 and 200?
40
Calculate the greatest common factor of 2122092 and 4411.
401
What is the highest common factor of 501553 and 27716?
533
Calculate the highest common factor of 5584 and 65770097.
349
Calculate the highest common divisor of 22 and 480807514.
22
Calculate the highest common factor of 245 and 152299.
7
What is the greatest common divisor of 6800 and 49859300?
1700
What is the highest common factor of 10236000 and 1875?
375
Calculate the highest common factor of 230850 and 14740.
10
What is the highest common factor of 3672 and 433840?
136
What is the highest common factor of 3489810 and 117120?
1830
Calculate the greatest common factor of 23 and 608527951.
23
What is the highest common divisor of 23947 and 17655781?
3421
Calculate the highest common divisor of 167551 and 217.
1
What is the highest common divisor of 740985 and 21?
21
Calculate the greatest common factor of 48895400 and 6205.
6205
Calculate the greatest common factor of 2882542 and 728.
26
What is the highest common factor of 51780 and 140?
20
Calculate the greatest common factor of 21224 and 31753757.
2653
Calculate the greatest common factor of 4241025 and 53045.
515
Calculate the highest common divisor of 516650 and 175.
25
What is the greatest common divisor of 3849956 and 1088?
68
Calculate the highest common factor of 586103 and 814907.
829
What is the highest common divisor of 672 and 4823316?
12
What is the highest common factor of 3761505 and 8789?
187
What is the highest common divisor of 37 and 56578957?
37
What is the greatest common divisor of 11696636 and 399?
7
What is the highest common factor of 27302407 and 40458?
6743
Calculate the greatest common divisor of 1943810 and 15334.
902
Calculate the highest common factor of 29007272 and 56.
56
What is the highest common factor of 8313 and 1004139?
51
Calculate the highest common factor of 546 and 205567089.
273
What is the highest common factor of 738 and 120420198?
738
Calculate the greatest common divisor of 1517172 and 3680.
92
What is the greatest common divisor of 12 and 28097588?
4
Calculate the highest common factor of 18 and 410610987.
9
What is the greatest common factor of 154 and 116690?
14
Calculate the highest common factor of 292285 and 2205.
245
What is the highest common divisor of 30699010 and 5?
5
Calculate the highest common divisor of 58817044 and 286.
286
Calculate the highest common factor of 144 and 1473804.
36
What is the highest common factor of 5706645 and 30?
15
Calculate the highest common factor of 184133028 and 10716.
10716
What is the greatest common divisor of 1275201 and 117?
9
Calculate the highest common divisor of 17 and 1583363.
17
What is the highest common factor of 1128 and 3028260?
12
What is the greatest common factor of 3563843 and 1312?
41
What is the greatest common factor of 5598601 and 643?
643
Calculate the highest common divisor of 61794637 and 2995.
599
Calculate the greatest common divisor of 4773096 and 72.
72
Calculate the highest common factor of 98118 and 2544669.
2133
Calculate the highest common divisor of 8121 and 433642451.
2707
Calculate the greatest common divisor of 2548 and 3180138.
26
What is the greatest common factor of 1085342 and 18542?
254
Calculate the greatest common factor of 788477419 and 1841.
263
Calculate the greatest common divisor of 20 and 554870.
10
Calculate the highest common divisor of 76412 and 289576.
28
What is the greatest common divisor of 290571932 and 21476?
1652
Calculate the highest common factor of 82975340 and 20.
20
Calculate the greatest common divisor of 3310424 and 11221.
229
Calculate the highest common divisor of 183223478 and 769.
769
What is the greatest common divisor of 8031072 and 81696?
3552
Calculate the highest common factor of 307765185 and 9660.
2415
Calculate the greatest common divisor of 321000778 and 7.
7
What is the greatest common factor of 1881960 and 1590?
30
What is the highest common factor of 75422676 and 119?
119
Calculate the greatest common divisor of 189144648 and 1308.
1308
Calculate the greatest common factor of 209832 and 395304.
168
Calculate the highest common divisor of 11306 and 242067113.
5653
Calculate the greatest common factor of 4669600 and 86450.
650
What is the greatest common factor of 863 and 218828321?
863
Calculate the highest common divisor of 555 and 59742975.
555
Calculate the greatest common factor of 100 and 92233015.
5
What is the highest common divisor of 1749 and 1721665462?
583
Calculate the greatest common divisor of 121716 and 21226884.
1932
Calculate the highest co